0 a multiple of 1301?
False
Is 2567586 a multiple of 81?
False
Is 494168 a multiple of 8?
True
Does 199 divide 119674?
False
Does 25 divide 90739?
False
Is 4 a factor of 186108?
True
Does 17 divide 84154?
False
Is 213 a factor of 3397989?
True
Is 494 a factor of 401061?
False
Is 66 a factor of 251954?
False
Is 7833465 a multiple of 23?
False
Is 142 a factor of 366180?
False
Is 4 a factor of 1265548?
True
Is 540014 a multiple of 193?
True
Is 1863336 a multiple of 102?
True
Does 95 divide 209095?
True
Is 1256700 a multiple of 213?
True
Does 4 divide 135890?
False
Does 98 divide 2048578?
False
Is 472591 a multiple of 373?
True
Is 239447 a multiple of 113?
True
Does 16 divide 58034?
False
Is 5126445 a multiple of 16?
False
Is 1474500 a multiple of 500?
True
Does 51 divide 30039?
True
Does 9 divide 4893?
False
Does 23 divide 80960?
True
Does 271 divide 133874?
True
Is 52042 a multiple of 70?
False
Does 77 divide 14706384?
True
Is 179 a factor of 179716?
True
Does 18 divide 442116?
True
Does 105 divide 16590?
True
Does 329 divide 1590752?
False
Is 34 a factor of 168684?
False
Is 24 a factor of 67488?
True
Does 28 divide 172941?
False
Is 147 a factor of 366618?
True
Is 559370 a multiple of 19?
False
Is 666523 a multiple of 986?
False
Is 271269 a multiple of 17?
True
Does 335 divide 6387445?
True
Is 540004 a multiple of 127?
True
Is 318 a factor of 2205648?
True
Is 6484088 a multiple of 13?
True
Is 385 a factor of 2960650?
True
Is 194 a factor of 2233153?
False
Is 439218 a multiple of 78?
True
Is 3594690 a multiple of 403?
False
Is 143 a factor of 847928?
False
Is 317248 a multiple of 109?
False
Does 19 divide 9650250?
False
Does 17 divide 199240?
True
Is 7050716 a multiple of 34?
True
Is 115 a factor of 719588?
False
Is 2681879 a multiple of 6?
False
Is 5 a factor of 212756?
False
Is 403280 even?
True
Is 352079 a multiple of 53?
True
Does 16 divide 323824?
True
Is 513 a factor of 339035?
False
Does 47 divide 26649?
True
Is 383 a factor of 710848?
True
Is 112 a factor of 14481063?
False
Is 5 a factor of 143596?
False
Is 21666668 a multiple of 206?
True
Is 117 a factor of 353457?
True
Is 3650930 a multiple of 10?
True
Is 648 a factor of 4195800?
True
Is 45 a factor of 87133?
False
Does 556 divide 56491?
False
Does 11 divide 2647249?
True
Is 223 a factor of 3717358?
False
Is 1058180 a multiple of 13?
False
Is 1147754 a multiple of 269?
False
Does 8 divide 110120?
True
Is 66930 even?
True
Is 3235469 a multiple of 36?
False
Is 577 a factor of 1082108?
False
Does 207 divide 204401?
False
Is 20 a factor of 2561198?
False
Is 661 a factor of 659935?
False
Is 316 a factor of 5541207?
False
Is 276 a factor of 108383?
False
Is 327 a factor of 844314?
True
Is 74690 a multiple of 35?
True
Is 97842 a multiple of 3?
True
Is 102600 a multiple of 25?
True
Is 60 a factor of 75360?
True
Is 217 a factor of 20740?
False
Is 13 a factor of 1870128?
True
Is 3307044 a multiple of 348?
True
Is 41 a factor of 108773?
True
Does 592 divide 304880?
True
Does 227 divide 51983?
True
Is 6 a factor of 155126?
False
Is 20 a factor of 1268215?
False
Is 1291927 a multiple of 7?
True
Is 49 a factor of 1445756?
False
Does 10 divide 15172490?
True
Does 87 divide 187398?
True
Is 475011 a multiple of 532?
False
Is 6798 a multiple of 66?
True
Is 447 a factor of 2048691?
False
Does 76 divide 155648?
True
Is 43 a factor of 227539?
False
Is 865704 a multiple of 168?
True
Is 20 a factor of 4990987?
False
Is 267 a factor of 91581?
True
Is 6 a factor of 197442?
True
Is 63 a factor of 132111?
True
Is 11492 a multiple of 34?
True
Is 30 a factor of 271117?
False
Is 36307 a multiple of 17?
False
Is 35 a factor of 27685?
True
Does 506 divide 303094?
True
Is 446545 a multiple of 23?
True
Is 270 a factor of 3435210?
True
Is 21572280 a multiple of 8?
True
Is 288 a factor of 19627550?
False
Does 398 divide 333126?
True
Is 168760 a multiple of 50?
False
Is 46140 a multiple of 54?
False
Is 48 a factor of 605897?
False
Is 1075048 a multiple of 22?
False
Does 28 divide 1440311?
False
Does 146 divide 3810454?
True
Does 80 divide 964000?
True
Is 12 a factor of 701411?
False
Is 555984 a multiple of 396?
True
Is 55 a factor of 144705?
True
Is 1058 a factor of 21788452?
True
Does 196 divide 587216?
True
Is 185719 a multiple of 513?
False
Is 13 a factor of 172719?
False
Is 17310 a multiple of 30?
True
Is 2277776 a multiple of 262?
False
Is 53 a factor of 137237?
False
Does 171 divide 27018?
True
Is 209 a factor of 8569?
True
Is 332 a factor of 358718?
False
Is 9 a factor of 2007900?
True
Is 188 a factor of 118819?
False
Does 71 divide 543079?
True
Is 153844 a multiple of 21?
False
Does 227 divide 514609?
True
Is 846136 a multiple of 24?
False
Does 432 divide 1652400?
True
Is 196 a factor of 123088?
True
Is 1118720 a multiple of 190?
True
Does 176 divide 12159840?
True
Does 5 divide 58615?
True
Does 9 divide 593100?
True
Does 71 divide 123540?
True
Is 3516964 a multiple of 86?
False
Is 1026681 a multiple of 442?
False
Is 20 a factor of 380837?
False
Is 60 a factor of 1028400?
True
Is 4 a factor of 121846?
False
Is 4785144 a multiple of 52?
True
Does 26 divide 62426?
True
Is 1298139 a multiple of 22?
False
Does 52 divide 462384?
True
Is 60 a factor of 1555320?
True
Does 6 divide 1410694?
False
Does 10 divide 473570?
True
Is 3817190 a multiple of 106?
False
Is 131 a factor of 340076?
True
Is 2942878 a multiple of 5?
False
Is 10 a factor of 25229?
False
Is 125587 a multiple of 539?
True
Is 82 a factor of 2386118?
True
Is 57420 a multiple of 36?
True
Is 6 a factor of 66388?
False
Is 670 a factor of 155440?
True
Is 236228 a multiple of 7?
False
Is 5 a factor of 9160578?
False
Is 865195 a multiple of 90?
False
Does 95 divide 9063855?
True
Is 281 a factor of 7832132?
False
Is 14928609 a multiple of 393?
False
Is 20834446 a multiple of 43?
True
Is 30 a factor of 11940?
True
Does 2247 divide 2047017?
True
Does 394 divide 4682792?
False
Does 359 divide 1750310?
False
Is 6023169 a multiple of 356?
False
Is 78840 a multiple of 90?
True
Does 52 divide 87548?
False
Is 67 a factor of 694032?
False
Is 2302 a multiple of 2?
True
Is 647591 a multiple of 31?
False
Is 649 a factor of 19176003?
True
Is 283091 a multiple of 131?
True
Is 218 a factor of 8365533?
False
Does 5 divide 744830?
True
Does 62 divide 748092?
True
Is 8 a factor of 37670?
False
Is 24 a factor of 3897257?
False
Is 637 a factor of 2597763?
False
Does 159 divide 567826?
False
Is 5 a factor of 74887?
False
Is 878 a factor of 4674359?
False
Is 10 a factor of 3517551?
False
Is 169264 a multiple of 126?
False
Is 253447 a multiple of 127?
False
Is 239020 a multiple of 20?
True
Is 301694 a multiple of 33?
False
Is 2917141 a multiple of 137?
True
Is 306550 a multiple of 10?
True
Is 195896 a multiple of 188?
True
Does 3 divide 168786?
True
Is 101722 a multiple of 157?
False
Is 14238 a multiple of 363?
False
Is 222485 a multiple of 35?
False
Is 969525 a multiple of 775?
True
Is 133635 a multiple of 59?
True
Is 1582421 a multiple of 20?
False
Does 603 divide 11787444?
True
Is 35 a factor of 26705?
True
Is 56421 a multiple of 442?
False
Is 5466435 a multiple of 85?
True
Is 221562 a multiple of 19?
False
Is 75 a factor of 4057312?
False
Is 267 a factor of 201432?
False
Is 178272 a multiple of 96?
True
Is 84 a factor of 9285528?
True
Is 64116 a multiple of 26?
True
Is 7 a factor of 1151893?
False
Is 110560 a multiple of 16?
True
Does 1119 divide 403364?
False
Does 208 divide 186009?
False
Does 14 divide 113634?
False
Is 56 a factor of 78150?
False
Is 166 a factor of 2157336?
True
Is 10 a factor of 1060564?
False
Is 223755 a multiple of 7?
True
Does 6 divide 8508?
True
Does 14 divide 4225716?
False
Does 88 divide 21611?
False
Is 12 a factor of 13118?
False
Is 1565272 a multiple of 72?
False
Is 454 a factor of 7313940?
True
Is 14 a factor of 79611?
False
Is 9 a factor of 411624?
True
Does 210 divide 2749506?
False
Is 4551624 a multiple of 1386?
True
Is 21772102 a multiple of 22?
True
Is 862428 a multiple of 7?
True
Does 5 divide 973390?
True
Is 4432128 a multiple of 24?
True
Is 14 a factor of 2149308?
True
Is 32 a factor of 587776?
True
Is 89 a factor of 26611?
True
Does 72 divide 1104019?
False
Does 35 divide 178745?
True
Does 70 divide 132720?
True
Does 45 divide 449973?
False
I